1252?
True
Does 6 divide 152986?
False
Is 536384 a multiple of 32?
True
Does 31 divide 145565?
False
Does 60 divide 189077?
False
Does 28 divide 4868098?
False
Does 14 divide 5895722?
True
Is 231 a factor of 2277660?
True
Is 3 a factor of 278882?
False
Is 2 a factor of 19787?
False
Does 58 divide 174986?
True
Is 89968 a multiple of 2?
True
Is 11619269 a multiple of 774?
False
Is 15 a factor of 118755?
True
Is 651178 a multiple of 18?
False
Is 51 a factor of 358224?
True
Does 83 divide 72874?
True
Does 6 divide 524892?
True
Is 149504 a multiple of 146?
True
Does 105 divide 828?
False
Is 18264710 a multiple of 905?
True
Does 72 divide 2490408?
True
Is 17 a factor of 987895?
False
Is 716 a factor of 460388?
True
Is 11 a factor of 269675?
False
Does 17 divide 35836?
True
Does 24 divide 76632?
True
Does 60 divide 144898?
False
Is 433 a factor of 1658635?
False
Is 30 a factor of 127300?
False
Is 125894 a multiple of 19?
True
Is 2933284 a multiple of 20?
False
Is 41856 a multiple of 128?
True
Does 7 divide 4334981?
True
Is 251640 even?
True
Does 2 divide 42232?
True
Is 318345 even?
False
Is 36 a factor of 329616?
True
Is 5174613 a multiple of 1120?
False
Does 115 divide 37064?
False
Does 25 divide 1668100?
True
Does 6 divide 18522?
True
Does 153 divide 2604675?
False
Is 6 a factor of 92065?
False
Does 10 divide 4819090?
True
Is 190 a factor of 718200?
True
Is 522385 a multiple of 148?
False
Does 39 divide 64248?
False
Is 17 a factor of 733251?
False
Does 167 divide 138777?
True
Does 18 divide 753228?
True
Does 21 divide 43743?
True
Does 8 divide 205200?
True
Does 190 divide 1023969?
False
Is 670866 a multiple of 20?
False
Does 15 divide 289860?
True
Is 5 a factor of 213370?
True
Is 1467807 a multiple of 57?
True
Does 109 divide 176247?
False
Is 144 a factor of 224928?
True
Is 85 a factor of 18105?
True
Is 558144 a multiple of 136?
True
Is 819101 a multiple of 46?
False
Is 46728 a multiple of 11?
True
Does 287 divide 228741?
False
Is 19856717 a multiple of 8?
False
Does 126 divide 1188810?
True
Does 757 divide 498751?
False
Is 165372 even?
True
Is 3 a factor of 67425?
True
Is 225 a factor of 2756903?
False
Does 485 divide 657175?
True
Is 109363 a multiple of 174?
False
Does 66 divide 434371?
False
Is 93 a factor of 1874429?
False
Is 452249 a multiple of 283?
False
Is 68965 a multiple of 3?
False
Does 49 divide 9876?
False
Is 137973 a multiple of 37?
True
Is 543840 a multiple of 42?
False
Does 1159 divide 13005139?
True
Is 298 a factor of 3297668?
True
Is 11253905 a multiple of 65?
True
Does 14 divide 278231?
False
Is 31 a factor of 320594?
False
Is 127144 a multiple of 23?
True
Is 992 a factor of 4079056?
False
Is 1518802 a multiple of 370?
False
Does 19 divide 8595752?
True
Is 999 a factor of 2872826?
False
Is 544 a factor of 3264?
True
Is 2102222 a multiple of 4?
False
Does 42 divide 577378?
False
Is 157 a factor of 66212?
False
Is 19 a factor of 2296?
False
Is 6074894 a multiple of 10?
False
Is 3520130 a multiple of 38?
True
Is 1460 a factor of 1910174?
False
Does 334 divide 8057082?
True
Is 12914466 a multiple of 43?
False
Does 14 divide 447678?
True
Is 16 a factor of 837724?
False
Is 2969773 even?
False
Is 66 a factor of 13172590?
False
Is 287 a factor of 514229?
False
Is 54 a factor of 21501?
False
Is 405288 a multiple of 8?
True
Is 11 a factor of 10087?
True
Does 34 divide 145758?
True
Is 70963 a multiple of 2?
False
Is 34 a factor of 335175?
False
Is 31 a factor of 6282325?
False
Is 165196 a multiple of 7?
False
Does 1726 divide 19939660?
False
Is 2111 a factor of 9784485?
True
Is 666096 a multiple of 88?
False
Does 10 divide 350100?
True
Is 80 a factor of 1637200?
True
Does 14 divide 214418?
False
Is 5 a factor of 913791?
False
Is 6 a factor of 584250?
True
Does 80 divide 116480?
True
Is 205 a factor of 501216?
False
Is 2772 a factor of 11941776?
True
Is 117 a factor of 148420?
False
Does 43 divide 263203?
True
Does 31 divide 15117369?
False
Is 450 a factor of 129150?
True
Does 36 divide 516232?
False
Is 1013 a factor of 6874554?
False
Is 119 a factor of 8047763?
False
Is 747058 a multiple of 107?
False
Does 6 divide 73740?
True
Is 2889889 a multiple of 685?
False
Is 452739 a multiple of 7?
True
Does 249 divide 203184?
True
Is 135 a factor of 3125925?
True
Is 22 a factor of 333009?
False
Is 109 a factor of 4040984?
False
Does 34 divide 382398?
True
Is 620 a factor of 2827200?
True
Does 518 divide 4919046?
False
Is 63500 a multiple of 12?
False
Is 84170 a multiple of 3?
False
Is 25 a factor of 173663?
False
Is 173855 a multiple of 319?
True
Is 51 a factor of 2415395?
False
Is 765673 a multiple of 13?
False
Is 268704 a multiple of 144?
True
Does 305 divide 235539?
False
Is 31 a factor of 6757271?
False
Does 1488 divide 1805637?
False
Is 6030117 a multiple of 23?
True
Is 83250 a multiple of 222?
True
Is 499086 a multiple of 63?
True
Is 35 a factor of 3136735?
True
Does 208 divide 242736?
True
Is 48 a factor of 2024784?
True
Does 335 divide 30820?
True
Is 2616240 a multiple of 528?
True
Is 844779 a multiple of 800?
False
Is 206895 a multiple of 65?
True
Is 357 a factor of 937119?
False
Is 93 a factor of 12088360?
False
Is 804474 a multiple of 239?
True
Is 327 a factor of 2946270?
True
Does 18 divide 23382?
True
Does 2 divide 4169?
False
Is 25600597 a multiple of 13?
False
Is 311 a factor of 9946361?
False
Is 2 a factor of 1358026?
True
Is 26 a factor of 331084?
True
Is 16 a factor of 15344?
True
Is 1196778 a multiple of 22?
True
Is 36731916 a multiple of 1127?
False
Is 3 a factor of 43414?
False
Is 48411 a multiple of 13?
False
Is 6 a factor of 246894?
True
Is 3479434 a multiple of 342?
False
Is 1757 a multiple of 251?
True
Is 12 a factor of 286212?
True
Does 53 divide 1005410?
True
Is 653385 a multiple of 43?
True
Is 99 a factor of 5931288?
True
Does 858 divide 2451873?
False
Does 271 divide 82113?
True
Is 13 a factor of 7466230?
False
Is 19 a factor of 46740?
True
Is 244361 a multiple of 13?
True
Does 54 divide 849306?
False
Is 85044 a multiple of 19?
True
Does 13 divide 6155037?
False
Is 97 a factor of 156849?
True
Is 60928 a multiple of 21?
False
Does 109 divide 255936?
False
Is 987452 a multiple of 203?
False
Is 450191 a multiple of 511?
True
Is 25 a factor of 17734?
False
Does 45 divide 67905?
True
Is 25 a factor of 269275?
True
Does 131 divide 92850?
False
Is 1094721 a multiple of 25?
False
Does 134 divide 3445786?
False
Is 4 a factor of 46130?
False
Is 4913608 a multiple of 126?
False
Does 146 divide 2221974?
True
Does 3 divide 5117991?
True
Is 669044 a multiple of 24?
False
Is 196 a factor of 46452?
True
Does 10 divide 1839060?
True
Is 6421408 a multiple of 1233?
False
Is 91283 a multiple of 60?
False
Does 81 divide 955638?
True
Is 14 a factor of 76387?
False
Does 75 divide 433615?
False
Is 16 a factor of 12745?
False
Is 432 a factor of 2516832?
True
Is 5 a factor of 470111?
False
Is 87 a factor of 1035913?
False
Does 27 divide 710215?
False
Is 3121950 a multiple of 26?
True
Is 11 a factor of 16435?
False
Is 276 a factor of 903148?
False
Is 15 a factor of 6491318?
False
Does 46 divide 147660?
True
Is 11422 a multiple of 279?
False
Does 273 divide 191397?
False
Does 12 divide 3038904?
True
Does 13 divide 3460080?
True
Is 17 a factor of 350421?
True
Does 188 divide 476818?
False
Is 776798 a multiple of 22?
True
Is 132993 a multiple of 14?
False
Is 269 a factor of 14753756?
False
Is 43 a factor of 337069?
False
Is 143 a factor of 115401?
True
Is 8712465 a multiple of 15?
True
Is 7 a factor of 163821?
True
Is 30427 a multiple of 16?
False
Does 17 divide 23426?
True
Does 7 divide 1289631?
True
Is 11 a factor of 149945?
False
Is 167 a factor of 6784357?
False
Does 19 divide 8466362?
True
Is 1269 a factor of 14306706?
True
Is 713835 a multiple of 547?
True
Is 734928 a multiple of 127?
False
Is 130194 a multiple of 13?
False
Does 348 divide 469702?
False
Is 49839 a multiple of 282?
False
Is 10639836 a multiple of 18?
True
Is 429280 a multiple of 160?
True
Is 317 a factor of 858867?
False
Is 67942 a multiple of 11?
False
Is 639 a factor of 1828724?
False
Does 291 divide 5467017?
True
Is 3072245 a multiple of 409?
False
Does 233 divide 43698?
False
Is 6 a factor of 3759?
False
Does 186 divide 439890?
True
Is 3 a factor of 4437479?
False
Is 36